ate r(4).
-100
Let s(f) = 11*f + 1. What is s(1)?
12
Let d(g) = g**3 - g**2 + g - 1. What is d(1)?
0
Let q(c) = -3*c**2 - c - 4. Determine q(-4).
-48
Let v(d) = d**2 + 16*d + 1. Determine v(-12).
-47
Let x(z) = -8*z + 59. What is x(7)?
3
Let w(v) = -4*v**3 + 20*v**2 - 8. Determine w(5).
-8
Let n(q) = 21*q - 11. Determine n(1).
10
Let n(v) = -128*v - 508. Determine n(-4).
4
Let c(f) = f**2 - 30*f + 98. Determine c(26).
-6
Let w(z) = -z**2 + 3*z - 12. Determine w(0).
-12
Let p(r) = -24*r + 119. Determine p(5).
-1
Let h(z) = z**3 - 7*z**2 - z + 16. Determine h(5).
-39
Let h(l) = -l**2 + 8*l + 49. Calculate h(12).
1
Let d(q) = q**2 + 9*q. What is d(-9)?
0
Let f(k) = -k**3 - 29*k**2 + 32*k + 64. Determine f(-30).
4
Let x(i) = 8*i**2 - i - 2. Calculate x(-3).
73
Let c(d) = -d**3 + 8*d**2 - 12*d - 4. What is c(3)?
5
Let j(f) = -f**2 + 7*f + 42. What is j(11)?
-2
Let q(x) = 3*x**2 - 9*x + 59. Determine q(8).
179
Let u(i) = i**3 - 7*i**2 + 6*i + 12. Give u(8).
124
Let o(n) = n**3 - 12*n**2 - 29*n + 48. Calculate o(14).
34
Let m(h) = -h**2 - 9*h + 10. Calculate m(-10).
0
Let p(b) = -3*b - 47. Determine p(-15).
-2
Let d(c) = 5*c - 26. Calculate d(10).
24
Let g(j) = j**2 - 5*j + 6. What is g(8)?
30
Let f(w) = -2*w**2 + 17*w + 119. Give f(13).
2
Let k(x) = -10*x + 26. What is k(1)?
16
Let o(x) = -x - 10. Determine o(0).
-10
Let d(b) = b**3 - 6*b**2 - 14*b - 13. Determine d(8).
3
Let a(u) = u**3 - 3*u**2 - u + 3. Determine a(3).
0
Let c(v) = 5*v**2 - 2*v - 1. Calculate c(-2).
23
Let l(w) = w**3 + 4*w**2 - 4. What is l(-3)?
5
Let f(r) = r**3 - 4*r**2 - 6*r - 3. Calculate f(5).
-8
Let c(t) = -t - 10. Calculate c(-6).
-4
Let d(f) = f**2 + 17*f + 11. Calculate d(-15).
-19
Let a(b) = 4*b + 54. What is a(-14)?
-2
Let q(a) = -2*a**3 - a**2 - 2*a - 8. Calculate q(-2).
8
Let z(v) = v**3 + 5*v**2 - 59*v - 19. What is z(6)?
23
Let p(q) = q**2 + 10*q + 10. Give p(-6).
-14
Let p(w) = 6*w - 311. Give p(53).
7
Let s(r) = -49*r + 4. Calculate s(1).
-45
Let q(a) = 7*a - 116. Give q(16).
-4
Let v(b) = b**3 + b**2 + 3. What is v(-3)?
-15
Let d(x) = 106*x**3 - 2*x**2 - x. Calculate d(-1).
-107
Let n(k) = -k**3 - 5*k**2 + 8*k + 14. Calculate n(-6).
2
Let l(x) = -x**3 - 5*x**2 - 8*x - 8. Give l(-4).
8
Let c(q) = -4*q**3 - 86*q**2 - 42*q + 3. Calculate c(-21).
3
Let u(i) = 7*i - 43. What is u(7)?
6
Let s(k) = -k**2 + 27*k - 91. Give s(22).
19
Let y(b) = 2*b - 36. Calculate y(16).
-4
Let y(c) = c**2 + 7*c + 4. Calculate y(-5).
-6
Let h(o) = -8*o + 3. Give h(-1).
11
Let v(n) = 10*n. Determine v(6).
60
Let y(x) = 2*x**2 + 32*x + 37. Determine y(-15).
7
Let j(q) = -q**3 + 4*q**2 - 7*q + 4. Determine j(3).
-8
Let r(d) = d - 7. Calculate r(5).
-2
Let s(t) = -t**3 + 10*t**2 - 23*t + 9. Determine s(7).
-5
Let n(w) = -w**3 + 9*w**2 - 2*w - 9. Give n(6).
87
Let c(i) = 47*i + 5. Calculate c(2).
99
Let d(z) = -z**3 - 1. What is d(1)?
-2
Let m(w) = w**3 + 13*w**2 - 11*w - 8. What is m(-14)?
-50
Let q(x) = 2*x**2 - x + 2. Calculate q(-3).
23
Let k(l) = l + 2. What is k(-16)?
-14
Let b(l) = l - 53. Determine b(36).
-17
Let c(y) = 2*y**2 - y + 4. What is c(0)?
4
Let k(d) = -d**2 - d - 3. Give k(-5).
-23
Let g(p) = 10*p - 15. What is g(-2)?
-35
Let h(u) = -u**2 - 23*u + 146. Give h(5).
6
Let x(r) = 4*r + 6. Calculate x(-13).
-46
Let s(f) = f**3 - f**2 + f - 6. Calculate s(0).
-6
Let x(f) = 38*f**3 + 4*f + 2. Give x(-1).
-40
Let v(b) = -b**2 + 9*b + 1. Calculate v(7).
15
Let y(v) = -15*v + 2. Calculate y(-3).
47
Let f(h) = -5*h - 2. Give f(9).
-47
Let d(m) = -m + 40. Determine d(18).
22
Let j(g) = g**3 - 5*g**2 + 17. Calculate j(5).
17
Let t(r) = r**3 + 10*r**2 + 10*r - 15. Determine t(-7).
62
Let r(j) = j**3 + 21*j**2 + 22*j + 21. Give r(-20).
-19
Let b(d) = 3*d**2 + d + 1. Calculate b(2).
15
Let n(r) = 2*r**2 - 2*r - 2. Give n(-4).
38
Let m(n) = 18*n - 431. Determine m(23).
-17
Let j(o) = 3*o**2 - 2*o - 2. Determine j(2).
6
Let v(a) = -3*a - 2. Determine v(-6).
16
Let m(b) = -16*b + 212. Calculate m(13).
4
Let c(w) = 11*w + 15. Calculate c(-6).
-51
Let f(q) = -q**2 - 5*q + 4. Determine f(-8).
-20
Let j(r) = r**2 + 4*r - 7. Determine j(-4).
-7
Let w(m) = -7*m - 226. Determine w(-33).
5
Let s(l) = l**3 + 14*l**2 + l + 15. Determine s(-14).
1
Let y(c) = -c**3 - 6*c**2 + 4*c. What is y(-6)?
-24
Let g(z) = 2*z**3 + 25*z**2 - 15*z - 18. What is g(-13)?
8
Let f(p) = 12*p - 413. Calculate f(34).
-5
Let c(x) = -x**3 - x**2 + 27*x - 45. Determine c(2).
-3
Let j(w) = -2*w**2 + 6*w - 6. Calculate j(3).
-6
Let h(w) = -2*w**3 - 8*w - 7. Give h(-2).
25
Let l(y) = -2*y**2 - 11*y + 7. Determine l(-8).
-33
Let x(f) = 6*f - 11. Calculate x(-7).
-53
Let z(x) = 2*x - 7. Give z(21).
35
Let v(h) = 2*h**2 - 14*h + 24. Determine v(11).
112
Let x(s) = -s**2 - 6*s + 3. Give x(0).
3
Let m(o) = -o**3 + 4*o**2 + 6*o + 2. Determine m(5).
7
Let o(r) = r**3 + 6*r**2 - 12*r - 11. Calculate o(-7).
24
Let h(i) = 7*i - 16. What is h(3)?
5
Let w(m) = m**3 - 3*m**2 + 1. What is w(3)?
1
Let q(l) = 4*l**2 + 95*l - 14. What is q(-24)?
10
Let h(a) = 25*a**3 - a - 1. Calculate h(-1).
-25
Let c(p) = 10*p**3 + 1. What is c(-1)?
-9
Let g(l) = -26*l + 3. What is g(1)?
-23
Let c(w) = w**3 - 9*w**2 - w + 20. Determine c(9).
11
Let l(h) = 4*h - 1. Determine l(-1).
-5
Let q(u) = -u**3 - 11*u**2 + 17*u + 30. Determine q(-12).
-30
Let i(c) = -c**2 + 9*c + 22. What is i(-2)?
0
Let r(l) = -l. What is r(8)?
-8
Let m(a) = 4*a - 16. Determine m(5).
4
Let q(p) = p**2 + 26*p - 133. Give q(5).
22
Let s(y) = -4*y**2 - 10*y - 4. Determine s(-3).
-10
Let f(c) = -11*c + 2. Give f(4).
-42
Let v(m) = -2*m**3 - 16*m**2 + 9*m + 7. Calculate v(-8).
-65
Let g(t) = -41*t + 323. Calculate g(8).
-5
Let n(u) = u**2 + 5*u - 1. Calculate n(-7).
13
Let z(f) = f**2 + 2*f - 28. Give z(-8).
20
Let c(m) = -m**2 + 9*m - 9. What is c(10)?
-19
Let v(c) = -c**3 - 24*c**2 + 26*c + 9. Determine v(-25).
-16
Let d(r) = 3*r - 137. Determine d(38).
-23
Let q(k) = -3*k**2 + 133*k + 95. Determine q(45).
5
Let l(w) = -7*w + 94. Determine l(11).
17
Let l(d) = d**2 - 20*d - 34. What is l(21)?
-13
Let r(w) = w**3 - 2*w**2 + 6*w - 6. Calculate r(4).
50
Let f(j) = 13*j + 3. Calculate f(-8).
-101
Let x(b) = 5*b**2 - 50*b + 16. What is x(9)?
-29
Let w(x) = 2*x**2 - 26*x - 22. What is w(14)?
6
Let l(a) = 12*a + 178. Calculate l(-15).
-2
Let z(v) = -v**3 + 10*v**2 - 23*v + 6. Determine z(4).
10
Let y(z) = -3*z + 3. Give y(-1).
6
Let j(m) = -m**2 - 10*m + 28. Calculate j(3).
-11
Let x(i) = 6*i + 9. Give x(-1).
3
Let i(w) = -w**2 - 13*w + 2. Determine i(-14).
-12
Let t(f) = 2*f**2 - 32*f + 125. Give t(8).
-3
Let r(h) = h**3 - 18*h**2 - 37*h - 32. Determine r(20).
28
Let f(l) = -l**3 - 33*l**2 - l - 52. What is f(-33)?
-19
Let t(d) = -d + 11. Determine t(14).
-3
Let r(s) = -58*s - 56. Calculate r(-1).
2
Let o(r) = -73*r**2 + 3*r. Determine o(1).
-70
Let u(a) = -2*a + 9. Give u(4).
1
Let d(w) = w**3 + 5*w**2 - 5*w + 4. Give d(-6).
-2
Let m(o) = 19*o**2 + 62*o + 7. Give m(-3).
-8
Let r(p) = p**3 - 6*p**2 + 3*p - 1. What is r(4)?
-21
Let j(b) = 2*b**2 - 40*b + 12. What is j(18)?
-60
Let g(d) = -d**3 - 12*d**2 - 2. Give g(-12).
-2
Let t(r) = 6*r + 22. What is t(-2)?
10
Let j(z) = 3*z + 7. Determine j(-8).
-17
Let s(x) = -x**2 + 11*x + 28. Calculate s(10).
38
Let l(p) = p**2 - 38*p + 60. Calculate l(37).
23
Let o(r) = -2*r**2 - 17*r + 2. Determine o(-9).
-7
Let o(h) = -13*h + 184. What is o(16)?
-24
Let i(z) = z - 7. Calculate i(8).
1
Let f(b) = 5*b + 71. Give f(-13).
6
Let m(c) = -c**3 + 40*c**2 - 73*c - 116. Give m(38).
-2
Let m(i) = -i**2 + 16*i + 12. Give m(16).
12
Let u(r) = 13*r + 5. What is u(4)?
57
Let j(l) = l - 6. Determine j(12).
6
Let c(f) = f**3 + 7*f**2 + f + 8. What is c(-7)?
1
Let c(a) = 2*a**2 - 16*a + 23. Determine c(6).
-1
Let p(a) = a**3 + a**2 + 4*a - 4. Calculate p(1).
2
Let t(c) = c**2 - 2*c - 2. What is t(5)?
13
Let c(w) = w**3 - 6*w**2. What is c(6)?
0
Let g(m) = m**3 - 6*m**2 + 3*m. Calculate g(5).
-10
Let h(i) = -i**3 - 8*i**2 - 6*i - 4. Determine h(-7).
-11
Let s(o) = -3*o + 15. Give s(-12).
51
Let u(l) = -8*l - 7. Determine u(-2).
9
Let k(b) = b**2 - 6*b - 20. What is k(10)?
20
Let h(r) = -r**2 - 5*r + 44. Determine h(-9).
8
Let t(p) = p**3 - 28*p**2 + 52*p + 20. Calculate t(26).
20
Let z(p) = 11*p - 210. Determine z(19).
-1
Let l(m) = m**2 + 21*m + 97. Calculate l(-7).
-1